culate the remainder when 43065980 is divided by 237.
236
Calculate the remainder when 20361 is divided by 12087.
8274
What is the remainder when 120703324 is divided by 16?
12
Calculate the remainder when 1141214 is divided by 2206.
712
Calculate the remainder when 101365727 is divided by 58.
55
Calculate the remainder when 3077767 is divided by 192358.
39
Calculate the remainder when 666776 is divided by 333348.
80
What is the remainder when 893718 is divided by 102?
96
What is the remainder when 39905940 is divided by 1617?
1614
What is the remainder when 2033353 is divided by 8069?
8034
Calculate the remainder when 433473 is divided by 25480.
313
What is the remainder when 386717 is divided by 1647?
1319
Calculate the remainder when 6396061 is divided by 46.
37
Calculate the remainder when 1292105 is divided by 3713.
3694
Calculate the remainder when 6412392 is divided by 40.
32
What is the remainder when 424320 is divided by 407?
226
Calculate the remainder when 36953852 is divided by 65521.
8
What is the remainder when 43721 is divided by 3630?
161
Calculate the remainder when 286571 is divided by 562.
513
Calculate the remainder when 6478587 is divided by 2029.
2019
Calculate the remainder when 929571 is divided by 990.
951
Calculate the remainder when 275533250 is divided by 68883309.
14
Calculate the remainder when 56113 is divided by 174.
85
Calculate the remainder when 15334 is divided by 1376.
198
Calculate the remainder when 27824 is divided by 1698.
656
Calculate the remainder when 727205 is divided by 15.
5
Calculate the remainder when 578985 is divided by 16538.
155
What is the remainder when 1180702 is divided by 753?
751
What is the remainder when 2773410 is divided by 302?
144
Calculate the remainder when 27320384 is divided by 113.
35
What is the remainder when 13449735 is divided by 2353?
2340
Calculate the remainder when 83125 is divided by 1567.
74
What is the remainder when 368983 is divided by 16037?
132
Calculate the remainder when 38725 is divided by 9397.
1137
Calculate the remainder when 6071584 is divided by 168651.
148
What is the remainder when 874276 is divided by 34898?
1826
What is the remainder when 28679 is divided by 13804?
1071
Calculate the remainder when 3690370 is divided by 205020.
10
What is the remainder when 49154874 is divided by 9?
6
What is the remainder when 57817005 is divided by 6086?
5
What is the remainder when 4142108 is divided by 1099?
1076
Calculate the remainder when 1346228 is divided by 2404.
2392
What is the remainder when 79064 is divided by 84?
20
Calculate the remainder when 252016 is divided by 658.
2
What is the remainder when 171903 is divided by 4079?
585
Calculate the remainder when 788305 is divided by 855.
850
What is the remainder when 415925 is divided by 1624?
181
Calculate the remainder when 597285 is divided by 27.
18
What is the remainder when 671297 is divided by 825?
572
Calculate the remainder when 9457 is divided by 110.
107
What is the remainder when 831676 is divided by 763?
6
What is the remainder when 397467 is divided by 1992?
1059
Calculate the remainder when 748500 is divided by 4509.
6
Calculate the remainder when 26862833 is divided by 286.
283
Calculate the remainder when 53575484 is divided by 17858494.
2
What is the remainder when 122358 is divided by 130?
28
What is the remainder when 33442592 is divided by 8360645?
12
Calculate the remainder when 1151887 is divided by 1173.
1
Calculate the remainder when 131500 is divided by 2301.
343
What is the remainder when 10102 is divided by 10032?
70
What is the remainder when 425440 is divided by 12148?
260
What is the remainder when 1268816 is divided by 676?
640
Calculate the remainder when 1085303710 is divided by 32.
30
What is the remainder when 427418 is divided by 424046?
3372
What is the remainder when 3016265 is divided by 55?
10
What is the remainder when 1435122 is divided by 101?
13
What is the remainder when 29984 is divided by 2412?
1040
What is the remainder when 141719210 is divided by 3080852?
18
What is the remainder when 16910616 is divided by 256?
24
Calculate the remainder when 423482929 is divided by 212.
209
Calculate the remainder when 5668504 is divided by 1889416.
256
What is the remainder when 22565181 is divided by 96?
93
What is the remainder when 284887 is divided by 20344?
71
What is the remainder when 14053 is divided by 6800?
453
Calculate the remainder when 25341971 is divided by 733.
695
What is the remainder when 26165 is divided by 20811?
5354
What is the remainder when 3808622 is divided by 601?
85
Calculate the remainder when 547566132 is divided by 3717.
3711
What is the remainder when 932898 is divided by 932869?
29
Calculate the remainder when 314247 is divided by 923.
427
What is the remainder when 8778282 is divided by 2926084?
30
Calculate the remainder when 1932107 is divided by 483022.
19
What is the remainder when 4679 is divided by 4582?
97
Calculate the remainder when 108524952 is divided by 111.
30
What is the remainder when 60686515 is divided by 2592?
19
What is the remainder when 16117164 is divided by 263?
261
What is the remainder when 50661158 is divided by 2374?
2372
Calculate the remainder when 292243 is divided by 6796.
15
Calculate the remainder when 112810 is divided by 22256.
1530
What is the remainder when 157308 is divided by 3497?
3440
Calculate the remainder when 1680169 is divided by 5218.
5191
Calculate the remainder when 6856983 is divided by 18.
9
What is the remainder when 901282 is divided by 300327?
301
Calculate the remainder when 182819139 is divided by 532.
531
Calculate the remainder when 82340 is divided by 345.
230
What is the remainder when 9751679 is divided by 96?
95
What is the remainder when 913477 is divided by 1303?
74
Calculate the remainder when 2428157 is divided by 1202.
117
What is the remainder when 13681630 is divided by 3841?
3829
What is the remainder when 311352 is divided by 185?
182
Calculate the remainder when 47576 is divided by 636.
512
What is the remainder when 79286 is divided by 2393?
317
What is the remainder when 37438 is divided by 1633?
1512
What is the remainder when 172124 is divided by 4410?
134
What is the remainder when 1749894 is divided by 16989?
27
What is the remainder when 1339309 is divided by 855?
379
Calculate the remainder when 158149 is divided by 561.
508
What is the remainder when 163940058 is divided by 61?
57
Calculate the remainder when 35777276 is divided by 168.
164
What is the remainder when 11422907 is divided by 3807353?
848
Calculate the remainder when 569348 is divided by 94886.
32
Calculate the remainder when 1191656 is divided by 129.
83
What is the remainder when 4261350 is divided by 1277?
1
Calculate the remainder when 7395671 is divided by 58.
33
Calculate the remainder when 2255707 is divided by 441.
433
Calculate the remainder when 1914587 is divided by 1914583.
4
What is the remainder when 7394506 is divided by 1848549?
310
What is the remainder when 5234 is divided by 5197?
37
What is the remainder when 20978410 is divided by 156?
154
Calculate the remainder when 6383939 is divided by 23299.
13
Calculate the remainder when 1030018 is divided by 1656.
1642
What is the remainder when 496529 is divided by 613?
612
What is the remainder when 1742114 is divided by 335?
114
Calculate the remainder when 17252911 is divided by 28.
11
What is the remainder when 170981994 is divided by 1652?
1646
What is the remainder when 30319 is divided by 10072?
103
What is the remainder when 264199 is divided by 81?
58
Calculate the remainder when 235079 is divided by 13029.
557
What is the remainder when 964956 is divided by 192165?
4131
Calculate the remainder when 74278 is divided by 844.
6
What is the remainder when 1643443 is divided by 301?
284
What is the remainder when 5907 is divided by 5768?
139
What is the remainder when 1375238 is divided by 229197?
56
Calculate the remainder when 221003 is divided by 2225.
728
What is the remainder when 1691134 is divided by 11?
5
What is the remainder when 13877759 is divided by 1069?
1
What is the remainder when 37756132 is divided by 61?
60
Calculate the remainder when 412575 is divided by 598.
553
Calculate the remainder when 1123